e?
False
Is 36307 a composite number?
False
Is 151237 composite?
False
Is 27611 prime?
True
Is 56197 prime?
True
Is 244393 prime?
True
Is 52519 composite?
True
Is 1784579 a prime number?
True
Is 18539 composite?
False
Is 246499 a composite number?
True
Is 310801 prime?
True
Is 56617 composite?
True
Is 15439 composite?
False
Is 11113 prime?
True
Is 2333 composite?
False
Is 37039 composite?
False
Is 17957 a composite number?
False
Is 195157 prime?
True
Is 214439 a prime number?
True
Is 2955167 a composite number?
False
Is 30337 a composite number?
True
Is 1831 a prime number?
True
Is 37463 a prime number?
True
Is 14477 prime?
False
Is 141711 prime?
False
Is 633187 prime?
True
Is 204109 composite?
True
Is 1333313 a composite number?
False
Is 5399939 prime?
True
Is 5903 a prime number?
True
Is 344819 a prime number?
True
Is 12407 a prime number?
False
Is 14143 a composite number?
False
Is 15959 prime?
True
Is 5354 a prime number?
False
Is 3409 a prime number?
False
Is 821207 prime?
True
Is 18881 prime?
False
Is 1093349 prime?
False
Is 102943 prime?
False
Is 719 composite?
False
Is 4844357 a prime number?
False
Is 211391 composite?
True
Is 227741 a composite number?
True
Is 48647 composite?
False
Is 1080749 a composite number?
False
Is 6411 composite?
True
Is 1304605 prime?
False
Is 2633 a prime number?
True
Is 17287 composite?
True
Is 2846 composite?
True
Is 9733 a prime number?
True
Is 1783 prime?
True
Is 71257 prime?
True
Is 7331 a prime number?
True
Is 1249 a composite number?
False
Is 40987 a prime number?
False
Is 447 a prime number?
False
Is 265957 a prime number?
True
Is 77939 a prime number?
False
Is 686197 prime?
True
Is 455183 a prime number?
False
Is 69631 a composite number?
True
Is 4409 a composite number?
False
Is 69653 composite?
False
Is 467 a composite number?
False
Is 4709 prime?
False
Is 1303 composite?
False
Is 911 a composite number?
False
Is 22603 a prime number?
False
Is 125887 a composite number?
False
Is 153785 prime?
False
Is 60209 a prime number?
True
Is 491893 a composite number?
True
Is 736853 a prime number?
False
Is 14243 a prime number?
True
Is 36233 a composite number?
True
Is 37678 composite?
True
Is 52147 prime?
True
Is 6743 composite?
True
Is 160837 a prime number?
False
Is 1693 prime?
True
Is 965 a composite number?
True
Is 536891 a prime number?
True
Is 28837 a prime number?
True
Is 328919 prime?
True
Is 10007 prime?
True
Is 1013903 a composite number?
True
Is 671953 a prime number?
False
Is 13643 composite?
True
Is 4367 a prime number?
False
Is 293015 prime?
False
Is 6547 a composite number?
False
Is 205819 prime?
False
Is 255419 composite?
False
Is 43067 a prime number?
True
Is 169259 a composite number?
False
Is 54251 prime?
True
Is 56647 composite?
True
Is 417811 a composite number?
False
Is 165059 composite?
False
Is 677053 a prime number?
False
Is 11777 a prime number?
True
Is 9461 composite?
False
Is 429317 prime?
False
Is 223 prime?
True
Is 26759 prime?
True
Is 200737 a composite number?
True
Is 84583 a composite number?
True
Is 7481 a composite number?
False
Is 300557 prime?
True
Is 71371 a prime number?
False
Is 7062493 a composite number?
False
Is 11665 prime?
False
Is 33379 a composite number?
True
Is 1083477 a prime number?
False
Is 137089 prime?
True
Is 181157 composite?
False
Is 1749833 a composite number?
False
Is 1255937 composite?
True
Is 15783 prime?
False
Is 51769 prime?
True
Is 1049 a prime number?
True
Is 20533 a composite number?
False
Is 4873 prime?
False
Is 8033 composite?
True
Is 184463 prime?
True
Is 1227829 composite?
False
Is 179551 a composite number?
True
Is 62383 a composite number?
False
Is 1657 a composite number?
False
Is 160717 composite?
True
Is 6467 composite?
True
Is 250777 composite?
False
Is 372991 a composite number?
True
Is 420439 composite?
False
Is 9793 a composite number?
True
Is 17167 prime?
True
Is 379415 composite?
True
Is 14509 a composite number?
True
Is 2687869 prime?
True
Is 301519 a prime number?
False
Is 15683 prime?
True
Is 223502 a composite number?
True
Is 483991 a prime number?
True
Is 1793 composite?
True
Is 33339 a prime number?
False
Is 24239 prime?
True
Is 60433 a prime number?
False
Is 2145677 prime?
True
Is 5077 a composite number?
False
Is 66299 a prime number?
False
Is 11686 a prime number?
False
Is 12787 a prime number?
False
Is 6982 prime?
False
Is 52243 a composite number?
True
Is 48017 a composite number?
False
Is 30157 a composite number?
True
Is 1207897 a composite number?
True
Is 54743 a prime number?
False
Is 5637 prime?
False
Is 3793 composite?
False
Is 402991 a prime number?
True
Is 3449 composite?
False
Is 34367 a prime number?
True
Is 31669 prime?
False
Is 15467 a prime number?
True
Is 101663 a prime number?
True
Is 810669 a prime number?
False
Is 118099 a composite number?
True
Is 528611 a prime number?
True
Is 416951 prime?
False
Is 95369 composite?
False
Is 105137 a composite number?
False
Is 429987 a composite number?
True
Is 4109 composite?
True
Is 63741 a composite number?
True
Is 958313 prime?
True
Is 531381 prime?
False
Is 7661 a prime number?
False
Is 52919 prime?
True
Is 5737 composite?
False
Is 29753 a composite number?
False
Is 671777 a composite number?
False
Is 36833 a prime number?
True
Is 110155 a composite number?
True
Is 11369 a composite number?
False
Is 5669 composite?
False
Is 3761 prime?
True
Is 1319 composite?
False
Is 93371 prime?
True
Is 1121987 a prime number?
True
Is 23098 a composite number?
True
Is 323579 composite?
False
Is 31985 prime?
False
Is 81509 a prime number?
True
Is 509714 a prime number?
False
Is 1797 a composite number?
True
Is 3684671 prime?
True
Is 187879 prime?
False
Is 171637 a composite number?
False
Is 4231715 a prime number?
False
Is 18331 a prime number?
False
Is 3519363 a prime number?
False
Is 45511 a composite number?
True
Is 116503 a composite number?
True
Is 2437 prime?
True
Is 417997 a prime number?
True
Is 32749 a prime number?
True
Is 14902 a prime number?
False
Is 520889 a prime number?
True
Is 41885 a composite number?
True
Is 124207 a prime number?
False
Is 59581 prime?
True
Is 28387 a composite number?
False
Is 62099 a composite number?
False
Is 27611 prime?
True
Is 75503 a composite number?
False
Is 1429903 a composite number?
True
Is 50069 a prime number?
True
Is 56757 a prime number?
False
Is 317749 a composite number?
True
Is 15859 composite?
False
Is 911 a composite number?
False
Is 205319 composite?
False
Is 204461 composite?
False
Is 415753 composite?
True
Is 13577 composite?
False
Is 93761 a prime number?
True
Is 3415 prime?
False
Is 1439 a prime number?
True
Is 407 prime?
False
Is 2317 a prime number?
False
Is 5309 a composite number?
False
Is 146177 a prime number?
False
Is 90887 composite?
False
Is 7679 a prime number?
False
Is 46571 composite?
True
Is 672982 a prime number?
False
Is 37165 a prime number?
False
Is 99277 composite?
False
Is 194309 composite?
False
Is 110309 a prime number?
False
Is 246311 composite?
True
Is 1656389 a composite number?
True
Is 566281 a prime number?
False
Is 42257 prime?
True
Is 6445 a prime number?
False
Is 3299 composite?
False
Is 240361 composite?
True
Is 29303 prime?
True
Is 12701 composite?
True
Is 427579 prime?
True
Is 4691 a composite number?
False
Is 499 a composite number?
False
Is 32117 prime?
True
Is 18937 a prime number?
False
Is 19187 a composite number?
True
Is 5784191 composite?
True
Is 1742011 a prime number?
False
Is 619363 prime?
True
Is 16823 prime?
True
Is 23321 a prime number?
True
Is 11171 a prime number?
True
Is 1335539 a composite number?
True
Is 149647 composite?
True
Is 4153 composite?
False
Is 86627 a composite number?
False
Is 538397 a composite number?
False
Is 5779 a prime number?
True
Is 22391 a prime number?
True
Is 18023 a composite number?
True
Is 39757 a prime number?
False
Is 529301 composite?
False
Is 1052839 composite?
True
Is 5713 a prime number?
False
Is 974393 composite?
True
Is 5515 a prime number?
False
Is 3907 prime?
True
Is 3052567 a composite number?
True
Is 12197 a prime number?
True
Is 16127 a composite number?
False
Is 139589 a prime number?
True
Is 1154 a prime number?
False
Is 52879 composite?
False
Is 6756545 a composite number?
True
Is 456929 composite?
True
Is 351737 a pri